igit of 22830905?
0
What is the millions digit of 889802838?
9
What is the billions digit of 1579476069?
1
What is the millions digit of 107873873?
7
What is the units digit of 1816580587?
7
What is the tens digit of 73978678?
7
What is the millions digit of 69155609?
9
What is the billions digit of 2101971002?
2
What is the millions digit of 1167097866?
7
What is the tens digit of 1682938916?
1
What is the ten millions digit of 41287444?
4
What is the hundred thousands digit of 1768220714?
2
What is the ten millions digit of 388598902?
8
What is the units digit of 47309054?
4
What is the tens digit of 408283854?
5
What is the ten thousands digit of 69290384?
9
What is the units digit of 122262305?
5
What is the hundred millions digit of 1863950644?
8
What is the thousands digit of 64627694?
7
What is the ten millions digit of 15800414?
1
What is the millions digit of 8811139?
8
What is the thousands digit of 13932701?
2
What is the billions digit of 1220215630?
1
What is the hundred thousands digit of 55017273?
0
What is the millions digit of 60646827?
0
What is the ten millions digit of 133724059?
3
What is the ten millions digit of 1300029109?
0
What is the tens digit of 239513751?
5
What is the millions digit of 2231357019?
1
What is the tens digit of 91288485?
8
What is the units digit of 252130341?
1
What is the tens digit of 187924023?
2
What is the units digit of 3250218?
8
What is the tens digit of 76876231?
3
What is the thousands digit of 96887496?
7
What is the hundred thousands digit of 23764314?
7
What is the ten thousands digit of 201032501?
3
What is the units digit of 138398382?
2
What is the millions digit of 584485828?
4
What is the hundred thousands digit of 1193186219?
1
What is the hundreds digit of 495388988?
9
What is the ten thousands digit of 1328751564?
5
What is the ten thousands digit of 502487609?
8
What is the hundred thousands digit of 11104371?
1
What is the units digit of 59379500?
0
What is the billions digit of 3140573388?
3
What is the ten thousands digit of 122188002?
8
What is the millions digit of 438190535?
8
What is the units digit of 103671582?
2
What is the ten thousands digit of 48234765?
3
What is the hundreds digit of 110365760?
7
What is the thousands digit of 169821813?
1
What is the hundred thousands digit of 86454980?
4
What is the ten thousands digit of 30211228?
1
What is the hundred thousands digit of 75123189?
1
What is the millions digit of 53160430?
3
What is the units digit of 194288224?
4
What is the thousands digit of 533185417?
5
What is the hundreds digit of 165341272?
2
What is the units digit of 413133302?
2
What is the ten millions digit of 3907606719?
0
What is the thousands digit of 3170188?
0
What is the hundreds digit of 560084099?
0
What is the ten millions digit of 163378879?
6
What is the ten millions digit of 1476658362?
7
What is the hundreds digit of 4687643518?
5
What is the units digit of 127674743?
3
What is the millions digit of 396124066?
6
What is the tens digit of 1553877937?
3
What is the millions digit of 2597952928?
7
What is the hundred millions digit of 129162874?
1
What is the thousands digit of 62174083?
4
What is the ten thousands digit of 36738990?
3
What is the ten thousands digit of 1852396582?
9
What is the ten millions digit of 642120298?
4
What is the millions digit of 275761713?
5
What is the units digit of 14316640?
0
What is the ten thousands digit of 71005922?
0
What is the hundred thousands digit of 83770833?
7
What is the tens digit of 61143648?
4
What is the thousands digit of 153215041?
5
What is the hundreds digit of 5664332335?
3
What is the thousands digit of 2632469815?
9
What is the ten millions digit of 1022349676?
2
What is the hundreds digit of 1264465770?
7
What is the hundreds digit of 91104001?
0
What is the units digit of 2167860123?
3
What is the ten millions digit of 88082736?
8
What is the hundred thousands digit of 112835101?
8
What is the millions digit of 6048834790?
8
What is the thousands digit of 35949527?
9
What is the ten millions digit of 281324792?
8
What is the units digit of 2932433549?
9
What is the hundred thousands digit of 727388545?
3
What is the tens digit of 127456242?
4
What is the units digit of 353597691?
1
What is the hundreds digit of 701772793?
7
What is the units digit of 24837909?
9
What is the hundred millions digit of 397497113?
3
What is the ten millions digit of 113478035?
1
What is the ten thousands digit of 517142700?
4
What is the millions digit of 142682169?
2
What is the units digit of 108601036?
6
What is the hundreds digit of 32431871?
8
What is the ten millions digit of 85519161?
8
What is the units digit of 568316812?
2
What is the tens digit of 4946261?
6
What is the hundred millions digit of 825478058?
8
What is the hundreds digit of 42511453?
4
What is the hundred thousands digit of 317201207?
2
What is the hundreds digit of 30101819?
8
What is the tens digit of 13367154?
5
What is the millions digit of 1308806452?
8
What is the millions digit of 7673456816?
3
What is the ten millions digit of 806444901?
0
What is the millions digit of 59173031?
9
What is the millions digit of 8336783617?
6
What is the hundreds digit of 872711525?
5
What is the hundred millions digit of 1700599864?
7
What is the hundred millions digit of 391706160?
3
What is the thousands digit of 1903270?
3
What is the ten millions digit of 33647184?
3
What is the hundreds digit of 2939630418?
4
What is the tens digit of 175725003?
0
What is the millions digit of 3192733?
3
What is the millions digit of 727866694?
7
What is the ten thousands digit of 84636262?
3
What is the thousands digit of 419792950?
2
What is the hundred thousands digit of 1534415797?
4
What is the tens digit of 630819124?
2
What is the hundred thousands digit of 250120690?
1
What is the thousands digit of 5578345?
8
What is the hundreds digit of 21746798?
7
What is the thousands digit of 240304656?
4
What is the tens digit of 176739551?
5
What is the ten thousands digit of 122803192?
0
What is the hundred thousands digit of 145150034?
1
What is the millions digit of 95957452?
5
What is the units digit of 133136548?
8
What is the tens digit of 8234650?
5
What is the hundreds digit of 173067246?
2
What is the thousands digit of 452996104?
6
What is the thousands digit of 30271883?
1
What is the ten thousands digit of 430867399?
6
What is the ten thousands digit of 258930397?
3
What is the millions digit of 1790151973?
0
What is the hundreds digit of 1564011?
0
What is the tens digit of 1225616854?
5
What is the hundreds digit of 112342618?
6
What is the tens digit of 2694871426?
2
What is the millions digit of 32037908?
2
What is the millions digit of 3943784369?
3
What is the hundred thousands digit of 1086896326?
8
What is the hundreds digit of 127525666?
6
What is the hundreds digit of 83431837?
8
What is the ten thousands digit of 25056971?
5
What is the hundred thousands digit of 24313461?
3
What is the thousands digit of 3935600551?
0
What is the hundreds digit of 3534237474?
4
What is the units digit of 67463508?
8
What is the thousands digit of 758498733?
8
What is the tens digit of 912334912?
1
What is the tens digit of 443541360?
6
What is the ten thousands digit of 104191745?
9
What is the ten thousands digit of 45958680?
5
What is the hundred millions digit of 2055317553?
0
What is the thousands digit of 118690287?
0
What is the thousands digit of 116484145?
4
What is the hundred thousands digit of 14802186?
8
What is the thousands digit of 1099697817?
7
What is the millions digit of 727436175?
7
What is the hundred millions digit of 700844371?
7
What is the hundred thousands digit of 466941538?
9
What is the hundred thousands digit of 192213509?
2
What is the hundreds digit of 1567045776?
7
What is the ten thousands digit of 3059070193?
7
What is the thousands digit of 1681944591?
4
What is the ten millions digit of 30140243?
3
What is the ten thousands digit of 2250919128?
1
What is the millions digit of 199972146?
9
What is the tens digit of 44145908?
0
What is the thousands digit of 1485351884?
1
What is the millions digit of 42883143?
2
What is the ten thousands digit of 546566620?
6
What is the millions digit of 10196819?
0
